f(l) = 2*l**2 - 35*l + 70. Give f(2).
8
Let y(a) = -a**3 - 3*a**2 + 382*a + 1826. Determine y(-5).
-34
Let t(p) = p**2 + 956*p + 7587. What is t(-8)?
3
Let d(q) = q**3 - 3*q**2 - q - 1. Determine d(0).
-1
Let v(q) = 8*q**2 - 123*q - 91. Determine v(16).
-11
Let y(q) = -453*q - 2721. What is y(-6)?
-3
Let y(i) = 460*i**2 + 35*i + 36. Determine y(-1).
461
Let j(a) = 3*a**3 + 37*a**2 + 50*a + 16. Give j(-11).
-50
Let q(p) = -5*p**3 - 90*p**2 + 88*p + 1587. Determine q(-18).
3
Let h(a) = -1146*a + 167316. Calculate h(146).
0
Let o(m) = -9*m**2 - 138*m + 419. Determine o(-18).
-13
Let i(s) = -19*s + 1805. Determine i(94).
19
Let h(q) = -1323*q + 2657. Give h(2).
11
Let x(u) = -264*u - 5279. Give x(-20).
1
Let h(z) = 17*z**3 + 3*z**2 - 80*z - 165. Calculate h(-2).
-129
Let i(c) = 75*c + 609. Calculate i(-17).
-666
Let l(d) = 95*d + 670. Determine l(-7).
5
Let l(d) = d**2 - 59*d + 700. What is l(48)?
172
Let y(z) = -z**3 + 22*z**2 - 36*z - 38. Determine y(9).
691
Let r(o) = o**2 - 30*o - 47. Determine r(-9).
304
Let n(k) = -k**2 + 126*k + 2694. Determine n(-19).
-61
Let v(a) = -2*a**3 - 222*a**2 - 860*a - 435. Calculate v(-107).
-7
Let o(n) = 252*n - 49. Determine o(1).
203
Let n(k) = k**2 + 82*k + 397. Determine n(-77).
12
Let o(a) = -695*a - 2084. Give o(-3).
1
Let y(h) = -2*h**2 - 70*h - 102. Give y(-35).
-102
Let t(d) = -9*d + 141. Give t(16).
-3
Let u(y) = -630*y - 587. Give u(-1).
43
Let n(s) = 16*s + 52. What is n(-12)?
-140
Let n(w) = w**3 - 13*w**2 - 17*w + 23. Give n(14).
-19
Let p(k) = 4*k**2 - 199*k + 52. What is p(49)?
-95
Let a(u) = -u**3 + 3*u**2 + 66*u + 6. Calculate a(-7).
34
Let r(t) = 4*t**2 - 156*t + 1528. Determine r(19).
8
Let g(j) = -60*j - 38. Calculate g(2).
-158
Let g(d) = 133*d - 998. What is g(8)?
66
Let o(s) = -s**2 - 28*s - 77. What is o(-35)?
-322
Let b(z) = -z**2 + 812*z - 12742. What is b(16)?
-6
Let f(u) = 10*u**2 + 117*u - 236. What is f(2)?
38
Let y(w) = 3*w - 65. Give y(-26).
-143
Let u(r) = -3*r**2 + 23*r - 34. Calculate u(5).
6
Let l(n) = n**3 - 38*n**2 + 48*n - 385. Determine l(37).
22
Let l(c) = c**3 + 10*c**2 + 5*c + 135. Give l(-11).
-41
Let f(q) = 3*q**2 + 140*q + 1071. Give f(-10).
-29
Let x(z) = -12*z + 570. Calculate x(40).
90
Let d(m) = -5*m**2 + 99*m + 15. Determine d(15).
375
Let q(d) = -d**3 + 24*d**2 - 111*d - 41. Give q(18).
-95
Let n(o) = o**3 - 2*o**2 - 378*o + 755. Give n(2).
-1
Let x(p) = 37*p - 1416. Determine x(38).
-10
Let h(z) = -z**3 - 10*z**2 - 89*z - 708. Calculate h(-9).
12
Let i(a) = -9*a**3 - a**2 + 13*a + 23. What is i(-2)?
65
Let c(d) = 2*d**3 - 39*d**2 - 27*d - 13. Determine c(20).
-153
Let i(n) = -7*n**3 + 15*n**2 - 7*n + 4. Give i(3).
-71
Let s(b) = b**3 - 23*b**2 - 95*b + 2861. Calculate s(21).
-16
Let l(y) = -84*y + 3995. Give l(44).
299
Let g(v) = 5*v**2 - 2027*v - 9432. What is g(410)?
-2
Let c(h) = h**3 + 42*h**2 - 81*h + 342. What is c(-44)?
34
Let i(p) = -p**2 + 27*p + 161. What is i(33)?
-37
Let h(s) = -91*s**2 + 10*s - 10. What is h(1)?
-91
Let v(p) = -2929*p + 11705. Determine v(4).
-11
Let y(a) = -2*a**2 - 132*a - 2025. Calculate y(-42).
-9
Let k(l) = l**2 + 8*l - 131. Calculate k(8).
-3
Let n(t) = -t**3 + 56*t**2 - 46*t - 602. Calculate n(55).
-107
Let a(s) = 229*s**3 + s**2 - 4*s + 3. Determine a(1).
229
Let k(p) = 569*p**3 - 5*p**2 + 9*p + 13. Calculate k(-1).
-570
Let j(g) = -14*g**2 + 380*g - 39. What is j(27)?
15
Let c(v) = -v**2 + 442. Determine c(21).
1
Let i(y) = -3426*y - 92516. What is i(-27)?
-14
Let h(p) = -p**2 - 251*p - 2854. What is h(-239)?
14
Let k(j) = -2*j**2 + 3*j + 11. Determine k(-2).
-3
Let i(m) = -6*m**3 + 64*m**2 + 326*m - 3349. Determine i(11).
-5
Let b(x) = -330*x - 10877. What is b(-33)?
13
Let o(w) = -2*w**3 + 164*w**2 + 165*w + 91. What is o(83)?
8
Let i(m) = 291*m - 292. Give i(1).
-1
Let t(g) = -83*g**2 + 757*g + 8. Calculate t(9).
98
Let l(n) = 131*n + 2115. Determine l(-13).
412
Let u(j) = -2*j**3 + 136*j**2 - 1809*j + 153. What is u(18)?
-9
Let i(h) = -89*h + 532. Determine i(6).
-2
Let a(q) = 27*q**3 + 6*q**2 + 111*q + 105. Calculate a(-1).
-27
Let c(n) = -34*n - 43. Calculate c(-8).
229
Let n(t) = 2*t**3 - 3*t**2 - 29*t - 4. Calculate n(-4).
-64
Let w(n) = n**2 + 4*n - 20. What is w(-15)?
145
Let h(n) = -n**3 - 4*n**2 + 28*n + 7. Determine h(-7).
-42
Let m(g) = -396*g**2 + 112*g - 113. Calculate m(1).
-397
Let w(h) = 2541*h + 40649. Give w(-16).
-7
Let m(g) = 7*g - 523. Give m(76).
9
Let i(h) = -38*h**2 + 4750*h + 3. Determine i(125).
3
Let i(c) = c**2 - 8*c - 27. Give i(-2).
-7
Let j(t) = t**3 + 9*t**2 - 9*t - 35. Determine j(7).
686
Let s(q) = 268*q + 4874. Calculate s(-18).
50
Let k(w) = w**3 + 63*w**2 + 116*w - 398. Determine k(-61).
-32
Let t(n) = -n**2 + 11*n - 42. Give t(14).
-84
Let x(c) = 76*c + 1928. Calculate x(-26).
-48
Let s(r) = 312*r - 9985. Calculate s(32).
-1
Let a(f) = -f**3 - 7*f**2 + 370*f - 27. What is a(16)?
5
Let k(y) = -135*y - 22555. Give k(-167).
-10
Let f(j) = 116*j - 407. What is f(4)?
57
Let c(k) = -1167*k - 3501. What is c(-3)?
0
Let r(y) = -16*y**2 + 16*y - 14. What is r(1)?
-14
Let d(o) = 107*o + 521. Calculate d(-12).
-763
Let q(f) = -f**2 + 74*f + 1161. Determine q(-13).
30
Let g(w) = -w**3 - 18*w**2 + 715*w + 466. Give g(-37).
22
Let v(x) = -16*x - 108. Give v(-15).
132
Let i(h) = 3*h**2 + 151*h - 993. What is i(-56)?
-41
Let z(c) = -3*c**3 + 27*c**2 - 4*c - 2. Give z(9).
-38
Let j(m) = 16633*m + 16631. Determine j(-1).
-2
Let p(u) = 2*u**3 - 26*u**2 + 8*u - 32. Give p(13).
72
Let b(d) = -11*d**2 - 2*d + 36. Give b(0).
36
Let m(f) = -7*f**2 + 109*f + 401. Calculate m(-3).
11
Let m(d) = 90*d - 5309. Determine m(59).
1
Let p(i) = -2*i**3 + 48*i**2 - 191*i + 21. Determine p(19).
2
Let x(r) = -6*r**2 + 4*r - 26. Determine x(3).
-68
Let p(f) = 6*f**2 + 64*f + 114. Calculate p(-9).
24
Let b(n) = 8*n - 405. Determine b(37).
-109
Let i(d) = d**2 - 26*d + 121. Give i(23).
52
Let t(x) = -12*x**2 - 32*x + 87. Calculate t(3).
-117
Let o(i) = 696*i + 4139. What is o(-6)?
-37
Let i(c) = 56*c + 153. Calculate i(-2).
41
Let u(g) = -g**2 + 235*g + 3749. Determine u(-15).
-1
Let w(p) = 138*p - 21245. Give w(154).
7
Let i(n) = -n**2 + 13*n + 29. Give i(0).
29
Let d(n) = n**3 + 23*n**2 + 16*n - 297. Calculate d(-20).
583
Let p(k) = -1660*k + 9975. What is p(6)?
15
Let v(q) = -42*q**2 - 83*q + 2649. Determine v(-9).
-6
Let p(m) = m**3 - 6*m**2 - 12*m + 50. What is p(6)?
-22
Let f(l) = 2096*l - 27252. Determine f(13).
-4
Let r(z) = z**2 + 36*z - 484. What is r(0)?
-484
Let n(p) = 7*p**3 + 9*p**2 + 4*p + 5. What is n(-4)?
-315
Let u(x) = -26*x - 339. Determine u(-13).
-1
Let c(a) = 3*a**3 + 35*a**2 + 22*a + 7. Calculate c(-11).
7
Let s(i) = -i**3 - 26*i**2 + 920*i - 2. What is s(-46)?
-2
Let j(l) = 12*l**2 - 41*l + 18. What is j(4)?
46
Let w(b) = -b**3 + 30*b**2 - 179*b + 76. Calculate w(20).
496
Let b(j) = 3*j**2 + 88*j - 15. Determine b(-30).
45
Let a(h) = h**2 - 308*h + 20152. Determine a(94).
36
Let l(k) = -3*k**2 - 49*k + 210. What is l(4)?
-34
Let i(n) = -n**2 + 91*n - 500. What is i(85)?
10
Let n(k) = 432*k + 2608. Calculate n(-6).
16
Let w(t) = 123*t - 13941. What is w(113)?
-42
Let y(i) = 84*i + 3817. Give y(-45).
37
Let s(p) = -p**2 - 58*p + 38. What is s(-23)?
843
Let n(w) = -w**3 + 13*w**2 - 22*w + 18. What is n(10)?
98
Let b(s) = s**3 - 42*s**2 + 84*s - 70. Determine b(40).
90
Let a(c) = -c**3 + 8*c**2 - c - 36. Calculate a(7).
6
Let w(f) = f**3 + 8*f**2 - 16*f - 21. Calculate w(-11).
-208
Let i(h) = 3*h**2 - 242*h - 1236. Determine i(-5).
49
Let u(x) = -2*x**3 - 18*x**2 - 9*x + 17. Determine u(-8).
-39
Let s(n) = 177*n - 20165. Determine s(114).
13
Let l(p) = -2*p**2 + 190*p + 1919. Calculate l(-9).
47
Let a(i) = 615*i - 4996. Determine a(8).
-76
Let o(w) = 4*w**2 - 290*w - 1464. Calculate o(-5).
86
Let o(x) = -x**3 - 37*x**2 + 1463*x - 53. What is o(-61)?
8
Let m(q) = q**3 + 20*q**2 - 158*q - 46. Give m(-26).
6
Let v(j) = -4*j + 4. Give v(-6).
28
Let d(c) = -42*c + 26. Give d(-1).
68
Let u(g) = -2*g**2 + 168*g + 332. Give u(-2).
-12
Let r(s) = 175*s**3 + 4*s**2 + 12*s + 11. Give r(-1).
-172
Let y(u) = -u**2 + 182*u + 1132. Calculate y(-6).
4
Let l(h) = -28*h - 54. Give l(-3).
30
Let r(f) = 1467*f + 4398. Calculate r(-3).
-3
Let s(i) = -16*i + 1361. Give s(90).
-79
Let a(b) = -53*b**3 + 307*b**2 + 67*